 = 187 - 177. Calculate the highest common divisor of 250 and z.
10
Suppose 3*v - 67 = 2*p + 3*p, 0 = 3*v - 3*p - 69. What is the highest common divisor of v and 96?
24
Suppose 4*s + 4*d - 116 = 0, -4*d = -5*s - d + 177. Suppose 5*y + 4*h = 23, -h + 0 - 4 = -2*y. What is the highest common divisor of s and y?
3
Let d = -17 - 1. Let m be (-420)/d*12/10. Suppose 2*o = 6*o - m. Calculate the greatest common divisor of o and 21.
7
Suppose -5*r - 4*w + 3 = -37, w - 9 = -r. Suppose -3*i = y - 12, r*y - i - 12 = 23. Let g be (-1 + y)*60/6. What is the greatest common divisor of g and 20?
20
Let g = -1204 + 1214. Calculate the highest common factor of 130 and g.
10
Let b be -6*(15/(-2) - (4 - 2)). Suppose -3*f + 2*l = -b, 0*f + 5*l - 57 = -2*f. Calculate the greatest common factor of f and 14.
7
Suppose -h + 44 = -3*q, -176 = -4*h - 3*q - 2*q. What is the greatest common factor of 55 and h?
11
Let b be 266/21 + (-1)/(-3). Let l = b - 9. Suppose -j = -l*j + 105. What is the highest common divisor of j and 5?
5
Let f = 438 - 404. Calculate the greatest common divisor of f and 221.
17
Let o(y) = 448*y**2 + 2*y + 5. Let u be o(-1). Calculate the highest common factor of u and 33.
11
Suppose 0 = 6*h + 25*h - 279. Let z(d) = -25*d - 3. Let c be z(-3). What is the greatest common divisor of c and h?
9
Let k be 9*2 - 120/15. Calculate the highest common factor of k and 960.
10
Suppose r = 4*p + 12, 0 = -4*r - 3*p - 7 - 40. Let t = r - -20. What is the highest common factor of t and 48?
12
Let x be ((-18)/12*10)/(-1). Suppose p = 2*b - 9, b - 3*p - 21 = -2*b. Suppose i = b*i - 3. Calculate the greatest common factor of i and x.
3
Let l be (-15 + -5)/(-4)*(-7 + 17). What is the greatest common factor of l and 850?
50
Let c(j) = -99*j - 1. Let o be c(-2). Let d be -4*(-12)/16 + o. Suppose 0 = 2*n - 6*n + d. Calculate the greatest common factor of 25 and n.
25
Let l = 33 + -15. Let z = -42 - -46. Suppose 0 = v - z - l. What is the greatest common divisor of 44 and v?
22
Let f(w) = w**3 + 3*w**2 + 3*w + 2. Let r be f(-2). Suppose 3*s + r = -12. Let b be (-15)/(-30) + (-2)/s. What is the greatest common divisor of b and 3?
1
Let f = 117 - 93. Calculate the highest common divisor of f and 1500.
12
Let r = 803 - 739. Calculate the greatest common divisor of r and 16.
16
Suppose -2*x = -3 - 1. Let a be (0 + x + 2)/2. What is the greatest common divisor of a and 22?
2
Let m(t) be the first derivative of -5*t**2 - 1. Let i be m(-1). Let c(h) = 9*h**2 - 15*h - 2. Let w be c(2). Calculate the greatest common factor of w and i.
2
Suppose 17*n = 21*n + 116. Let i = n + 56. Calculate the highest common divisor of i and 189.
27
Suppose -2*w + 50 = 3*w. Suppose 13*g - 17*g + 240 = 0. Calculate the highest common divisor of g and w.
10
Suppose 10*p = 15*p + 375. Let o = -63 - p. Calculate the greatest common divisor of o and 108.
12
Let h(l) be the third derivative of 5/24*l**4 - 8/3*l**3 - l**2 + 0*l + 0. Let b be h(14). Calculate the greatest common factor of 18 and b.
18
Let h(w) = -w**3 + w**2 - w - 1. Let a be h(-2). Let q be (-13*(-18)/4)/((-67)/(-134)). Calculate the highest common divisor of q and a.
13
Let t = 34 - 145. Let n = -107 - t. Calculate the highest common divisor of 28 and n.
4
Let t(o) = -10*o - 174. Let i be t(-46). Calculate the highest common factor of 22 and i.
22
Let r = -426 - -660. What is the highest common divisor of 26 and r?
26
Let n be (-3)/(-15) + (-5215)/(-175). What is the greatest common divisor of 120 and n?
30
Suppose -12*i + 20 = -7*i. Let y be -1 - -2*2/i. Let r(u) = -u**2 - 2*u + 50. Let w be r(y). Calculate the greatest common divisor of w and 125.
25
Let a(w) = w**3 + 15*w**2 + 11*w - 30. Let k be a(-14). Suppose 23 = f - 2*l - 5, 3*f - 3*l = 69. What is the greatest common divisor of f and k?
6
Let n be ((-80)/25)/(-8)*65. What is the greatest common factor of 416 and n?
26
Suppose 0 = -3*j + 4*i + 340, -256*j + 258*j - 5*i - 222 = 0. Calculate the greatest common divisor of j and 261.
29
Suppose 5*h = -5*a + 25, 0*a + h + 1 = 5*a. Let q be (-1 - a) + -3 + 68. Suppose -42 = p - 2*p. Calculate the greatest common factor of p and q.
21
Let a be (15/4)/(18/24). Calculate the highest common factor of 15 and a.
5
Let o be (-15)/(-5)*(-7)/(-3). Let p(f) = -51*f - 2. Let x(r) = -2*r - 9. Let a be x(-4). Let z be p(a). Calculate the highest common factor of z and o.
7
Let s(d) = -28*d + 5. Let r be s(-1). Calculate the greatest common factor of r and 3.
3
Suppose 4*m = -0*m + 84. Suppose 4*p = 89 - m. Suppose 0 = -s + 4 + p. What is the highest common factor of s and 14?
7
Let j be (-2)/(-40) + (-2995)/(-100). What is the greatest common factor of j and 48?
6
Let l(g) = 8*g**2 + 1. Let w be l(-2). Let n = w - 29. Calculate the greatest common factor of n and 1.
1
Let m = -136 - -166. Calculate the highest common factor of m and 18.
6
Let h = 228 + -172. Calculate the greatest common factor of 1400 and h.
56
Suppose 3*o - 3 = 0, -5*u = -u + o - 73. Suppose 4*a - u = 6*a. Let k(p) = -p**3 - 8*p**2 + 9. Let x be k(a). Calculate the greatest common factor of 10 and x.
10
Let s = 50 + -34. Let m = 91 - 87. Calculate the greatest common divisor of s and m.
4
Let j be 3 - 19/((-95)/60). Calculate the highest common divisor of 60 and j.
15
Let y = -257 - -301. Calculate the greatest common factor of 8 and y.
4
Let k be 42189/42 + (-2)/(-4). Calculate the highest common divisor of k and 15.
15
Suppose 0 = -h - 4*k + 3, 3*k - 25 = -9*h + 5*h. Suppose -f + 3 = 0, 612 = -h*y + 12*y + 4*f. What is the greatest common divisor of 8 and y?
8
Let z(b) = 20*b**2. Let d be z(-1). Let l be (-34)/(-3) - d/(-30). Suppose 11*m - l*m = -27. What is the greatest common divisor of m and 27?
27
Suppose 30*f = -9*f + 2028. What is the greatest common factor of 195 and f?
13
Suppose -21*s - 5670 = -42*s. Calculate the greatest common divisor of 60 and s.
30
Let j be (67/2)/(13*6/156). Calculate the highest common factor of 268 and j.
67
Let o(q) = -q**3 - 11*q**2 - 29*q - 33. Let m be o(-8). Calculate the highest common factor of 1687 and m.
7
Let r be 1 + (2 - 0 - 1). Let g be r/(-6) - (-21)/9. Suppose y - 4*t = -9*t + 67, -2*y + 142 = g*t. What is the highest common divisor of y and 24?
24
Let w(f) = f**3 + 2*f**2 - 2*f - 5*f**2 + 2 - 6*f**3. Let p be w(-2). Suppose 6*g - 134 - p = 0. What is the greatest common factor of g and 7?
7
Suppose 76 = -3*r + j + 377, -4*r = -5*j - 394. Calculate the greatest common factor of 1111 and r.
101
Let a(p) = -p**3 + 7*p**2 + 24*p - 21. Let x be a(9). Let z be 1 - (42 + 0)/(-2). What is the greatest common factor of x and z?
11
Let t(c) = -c**3 + 15*c**2 + 11*c + 455. Let w be t(17). Calculate the highest common divisor of w and 2752.
64
Suppose -3*r = -4*d + 2*r + 150, -2*r + 4 = 0. Let h = 66 - -47. Let n = h + -53. What is the highest common factor of d and n?
20
Let n = -13 + 13. Suppose -55 = -6*w + w - s, w - 4*s + 10 = n. Calculate the greatest common divisor of w and 90.
10
Suppose -12 = -3*f - 4*o, 5*f - 4*o - 42 = 10. Let q = 8 + -2. Let t be 4/q + (-188)/(-6). What is the highest common factor of t and f?
8
Let c be (3 - 1 - -111) + -1. What is the highest common factor of c and 42?
14
Suppose 4*a = 22 + 18. Let y be (-52)/754 + (-4356)/(-87). What is the highest common factor of a and y?
10
Let t = 42 - 40. Suppose 4 = -3*q - 2, 313 = 5*k + q. Suppose -5*b + k = -t*b. Calculate the highest common factor of b and 14.
7
Let w be 4 - 0*2/4. Let l = 29 - 13. Suppose l = 2*o - w*p - 10, 4*p = o - 21. What is the highest common divisor of 45 and o?
5
Let v be 6/2 + 6/(24/220). Suppose p - 6*p - 105 = 0. Let w = p + 50. Calculate the highest common divisor of v and w.
29
Let h be (-1935)/(-18) - (-3)/(-6). Suppose -h + 5 = -6*t. Calculate the greatest common factor of t and 51.
17
Let a be 1/(-4) - 9/(-4). Let q be ((-9)/a)/(6/(-16)). Let u = -180 - -204. What is the greatest common factor of q and u?
12
Let z = 148 - -8. What is the greatest common factor of z and 52?
52
Suppose -5*o - 10 = -115. Suppose -13 = n - o. Let m = 28 - 12. Calculate the highest common divisor of m and n.
8
Let k(n) = 4*n + 7. Let h be k(-4). Let o be (-7 - 1)/(h + 7). What is the highest common factor of 20 and o?
4
Let v(s) = -2*s + 63. Let p